{"id":2,"date":"2016-02-05T23:24:54","date_gmt":"2016-02-05T23:24:54","guid":{"rendered":"http:\/\/localhost\/?page_id=2"},"modified":"2021-10-22T10:49:01","modified_gmt":"2021-10-22T10:49:01","slug":"daemi-sida","status":"publish","type":"page","link":"https:\/\/enf.is\/","title":{"rendered":"Eftirlitsnefnd fasteignasala"},"content":{"rendered":"<p style=\"text-align: justify;\">Eftirlitsnefnd fasteignasala starfar samkv\u00e6mt III. kafla&nbsp;laga um s\u00f6lu fasteigna og skipa, nr. 70\/2015. Eftirlitsnefnd fasteignasala skal hafa eftirlit me\u00f0 \u00fev\u00ed a\u00f0 fasteignasalar starfi \u00ed samr\u00e6mi vi\u00f0 fyrirm\u00e6li laganna og g\u00f3\u00f0ar venjur \u00ed fasteignas\u00f6lu. Nefndin hefur \u00e1kve\u00f0nar heimildir til ranns\u00f3kna og beitingar agavi\u00f0urlaga samkv\u00e6mt&nbsp;III. kafla laganna.<\/p>\n<p style=\"text-align: justify;\">\u00c1 s\u00ed\u00f0unni er a\u00f0 finna mikilv\u00e6gar uppl\u00fdsingar fyrirl fasteignasala sem var\u00f0a st\u00f6rf \u00feeirra, \u00e1samt \u00fev\u00ed a\u00f0 birt eru \u00e1lit og \u00e1kvar\u00f0anir eftirlitsnefndarinnar sem var\u00f0a st\u00f6rf fasteignsala.<\/p>\n","protected":false},"excerpt":{"rendered":"<p>Eftirlitsnefnd fasteignasala starfar samkv\u00e6mt III. kafla&nbsp;laga um s\u00f6lu fasteigna og skipa, nr. 70\/2015. Eftirlitsnefnd fasteignasala skal hafa eftirlit me\u00f0 \u00fev\u00ed<\/p>\n<p><a href=\"https:\/\/enf.is\/\" class=\"more-link\">Continue reading<span class=\"screen-reader-text\">Eftirlitsnefnd fasteignasala<\/span><\/a><\/p>\n","protected":false},"author":1,"featured_media":0,"parent":0,"menu_order":0,"comment_status":"closed","ping_status":"open","template":"","meta":{"footnotes":""},"class_list":["post-2","page","type-page","status-publish","hentry"],"_links":{"self":[{"href":"https:\/\/enf.is\/index.php\/wp-json\/wp\/v2\/pages\/2"}],"collection":[{"href":"https:\/\/enf.is\/index.php\/wp-json\/wp\/v2\/pages"}],"about":[{"href":"https:\/\/enf.is\/index.php\/wp-json\/wp\/v2\/types\/page"}],"author":[{"embeddable":true,"href":"https:\/\/enf.is\/index.php\/wp-json\/wp\/v2\/users\/1"}],"replies":[{"embeddable":true,"href":"https:\/\/enf.is\/index.php\/wp-json\/wp\/v2\/comments?post=2"}],"version-history":[{"count":11,"href":"https:\/\/enf.is\/index.php\/wp-json\/wp\/v2\/pages\/2\/revisions"}],"predecessor-version":[{"id":725,"href":"https:\/\/enf.is\/index.php\/wp-json\/wp\/v2\/pages\/2\/revisions\/725"}],"wp:attachment":[{"href":"https:\/\/enf.is\/index.php\/wp-json\/wp\/v2\/media?parent=2"}],"curies":[{"name":"wp","href":"https:\/\/api.w.org\/{rel}","templated":true}]}}