{"id":18,"date":"2016-02-06T17:09:45","date_gmt":"2016-02-06T17:09:45","guid":{"rendered":"http:\/\/localhost\/?page_id=18"},"modified":"2025-10-06T15:21:10","modified_gmt":"2025-10-06T15:21:10","slug":"eftirlitsnefndin","status":"publish","type":"page","link":"https:\/\/enf.is\/index.php\/eftirlitsnefndin\/","title":{"rendered":"Eftirlitsnefndin"},"content":{"rendered":"<p style=\"text-align: justify;\">R\u00e1\u00f0herra skipar \u00ferj\u00e1 nefndarmenn og varamenn \u00feeirra til \u00feriggja \u00e1ra \u00ed senn. Einn nefndarmanna skal vera fasteignasali og einn l\u00f6ggiltur endursko\u00f0andi. Hinn \u00feri\u00f0ji, sem vera skal forma\u00f0ur nefndarinnar, skal vera l\u00f6gfr\u00e6\u00f0ingur og fulln\u00e6gja skilyr\u00f0um til a\u00f0 gegna emb\u00e6tti h\u00e9ra\u00f0sd\u00f3mara. Varamenn skulu fulln\u00e6gja s\u00f6mu skilyr\u00f0um og a\u00f0almenn.<\/p>\n<\/p>\n<p>Eftirlitsnefnd fasteignasala er svo skipu\u00f0:<\/p>\n<p><strong>\u00de\u00f3r\u00f0ur Bogason, h\u00e6star\u00e9ttarl\u00f6gma\u00f0ur, forma\u00f0ur.<\/strong><\/p>\n<p><strong>Gr\u00e9tar J\u00f3nasson, l\u00f6ggiltur fasteignasali.<\/strong><\/p>\n<p><strong>Bj\u00f6rg Sigur\u00f0ard\u00f3ttir, l\u00f6ggiltur endursko\u00f0andi.<\/strong><\/p>\n<\/p>\n<p>Varamenn eru:<\/p>\n<p><strong>Krist\u00edn \u00d3lafsd\u00f3ttir, landsr\u00e9ttarl\u00f6gma\u00f0ur.<\/strong><\/p>\n<p><strong>Ingibj\u00f6rg \u00de\u00f3r\u00f0ard\u00f3ttir, l\u00f6ggiltur fasteignasali.<\/strong><\/p>\n<p><strong>L\u00e1rus Finnbogason, l\u00f6ggiltur endursko\u00f0andi.<\/strong><\/p>\n<\/p>\n<p>Starfsma\u00f0ur nefndarinnar er<strong> Sandra Mj\u00f6ll Mark\u00fasd\u00f3ttir, l\u00f6gma\u00f0ur.<\/strong><\/p>\n<\/p>\n<p>P\u00f3stfang nefndarinnar er:<\/p>\n<p><strong>Eftirlitsnefnd fasteignasala<\/strong><\/p>\n<p><strong>C\/o \u00de\u00f3r\u00f0ur Bogason, hrl.<\/strong><\/p>\n<p><strong>H\u00f6f\u00f0abakka 9, 6. h\u00e6\u00f0,<\/strong><\/p>\n<p><strong>110 Reykjav\u00edk<\/strong><\/p>\n","protected":false},"excerpt":{"rendered":"<p>R\u00e1\u00f0herra skipar \u00ferj\u00e1 nefndarmenn og varamenn \u00feeirra til \u00feriggja \u00e1ra \u00ed senn. Einn nefndarmanna skal vera fasteignasali og einn l\u00f6ggiltur<\/p>\n<p><a href=\"https:\/\/enf.is\/index.php\/eftirlitsnefndin\/\" class=\"more-link\">Continue reading<span class=\"screen-reader-text\">Eftirlitsnefndin<\/span><\/a><\/p>\n","protected":false},"author":1,"featured_media":0,"parent":0,"menu_order":0,"comment_status":"closed","ping_status":"closed","template":"elementor_header_footer","meta":{"footnotes":""},"class_list":["post-18","page","type-page","status-publish","hentry"],"_links":{"self":[{"href":"https:\/\/enf.is\/index.php\/wp-json\/wp\/v2\/pages\/18"}],"collection":[{"href":"https:\/\/enf.is\/index.php\/wp-json\/wp\/v2\/pages"}],"about":[{"href":"https:\/\/enf.is\/index.php\/wp-json\/wp\/v2\/types\/page"}],"author":[{"embeddable":true,"href":"https:\/\/enf.is\/index.php\/wp-json\/wp\/v2\/users\/1"}],"replies":[{"embeddable":true,"href":"https:\/\/enf.is\/index.php\/wp-json\/wp\/v2\/comments?post=18"}],"version-history":[{"count":29,"href":"https:\/\/enf.is\/index.php\/wp-json\/wp\/v2\/pages\/18\/revisions"}],"predecessor-version":[{"id":1044,"href":"https:\/\/enf.is\/index.php\/wp-json\/wp\/v2\/pages\/18\/revisions\/1044"}],"wp:attachment":[{"href":"https:\/\/enf.is\/index.php\/wp-json\/wp\/v2\/media?parent=18"}],"curies":[{"name":"wp","href":"https:\/\/api.w.org\/{rel}","templated":true}]}}