{"id":160,"date":"2016-02-15T11:14:37","date_gmt":"2016-02-15T11:14:37","guid":{"rendered":"http:\/\/localhost\/?page_id=160"},"modified":"2025-04-15T15:43:17","modified_gmt":"2025-04-15T15:43:17","slug":"umburdarbref","status":"publish","type":"page","link":"https:\/\/enf.is\/index.php\/umburdarbref\/","title":{"rendered":"Umbur\u00f0arbr\u00e9f"},"content":{"rendered":"<p>H\u00e9r eru birt \u00fatgefin umbur\u00f0arbr\u00e9f Eftirlitsnefndar fasteignasala.<\/p>\n<p>Umbur\u00f0arbr\u00e9f til fasteigna- og skipasala, <a href=\"https:\/\/enf.is\/wp-content\/uploads\/2025\/04\/Umburdarbref-nr.-1_2025.pdf\" target=\"_blank\" rel=\"noopener\">nr. 1\/2025<\/a><\/p>\n<p>Umbur\u00f0arbr\u00e9f til fasteigna- og skipasala, <a href=\"https:\/\/enf.is\/wp-content\/uploads\/2024\/09\/Umburdarbref_1_2024.pdf\" target=\"_blank\" rel=\"noopener\">nr. 1\/2024<\/a><\/p>\n<p>Umbur\u00f0arbr\u00e9f til fasteigna- og skipasala, <a href=\"https:\/\/enf.is\/wp-content\/uploads\/2023\/09\/Umburdarbref-nr.-2_2023.pdf\" target=\"_blank\" rel=\"noopener\">nr. 2\/2023<\/a><\/p>\n<p>Umbur\u00f0arbr\u00e9f til fasteigna- og skipasala, <a href=\"https:\/\/enf.is\/wp-content\/uploads\/2023\/06\/ENF-Umburdarbref-nr.-1_2023.pdf\" target=\"_blank\" rel=\"noopener\">nr. 1\/2023<\/a><\/p>\n<p>Umbur\u00f0arbr\u00e9f til fasteigna- og skipasala, <a href=\"https:\/\/enf.is\/wp-content\/uploads\/2022\/09\/Umburdarbref-nr.-2-2022.pdf\" target=\"_blank\" rel=\"noopener\">nr. 2\/2022<\/a><\/p>\n<p>Umbur\u00f0arbr\u00e9f til fasteigna- og skipasala, <a href=\"https:\/\/enf.is\/wp-content\/uploads\/2022\/07\/Umburdarbref-ENF-nr.-1.2022.pdf\" target=\"_blank\" rel=\"noopener\">nr. 1\/2022.<\/a><\/p>\n<p>Umbur\u00f0arbr\u00e9f til fasteigna- og skipasala, <a href=\"https:\/\/enf.is\/wp-content\/uploads\/2021\/10\/Umburdarbref-3-2021.pdf\" target=\"_blank\" rel=\"noopener\">nr. 3\/2021.<\/a><\/p>\n<p>Umbur\u00f0arbr\u00e9f til fasteigna- og skipasala, <a href=\"https:\/\/enf.is\/wp-content\/uploads\/2021\/07\/Umburdarbref2.2021.pdf\" target=\"_blank\" rel=\"noopener\">nr. 2\/2021.<\/a><\/p>\n<p>Umbur\u00f0arbr\u00e9f til fasteigna- og skipasala, <a href=\"https:\/\/enf.is\/wp-content\/uploads\/2021\/04\/Umburdarbref-1.21.pdf\" target=\"_blank\" rel=\"noopener\">nr. 1\/2021.<\/a><\/p>\n<p>Umbur\u00f0arbr\u00e9f til fasteigna- og skipasala, <a href=\"https:\/\/enf.is\/wp-content\/uploads\/2020\/11\/Umburdarbref_nr._2_280920.pdf\" target=\"_blank\" rel=\"noopener noreferrer\">nr. 2\/2020.<\/a><\/p>\n<p>Umbur\u00f0arbr\u00e9f til fasteigna- og skipasala, <a href=\"https:\/\/enf.is\/wp-content\/uploads\/2020\/11\/Umburdarbref_nr._1_2020.pdf\" target=\"_blank\" rel=\"noopener noreferrer\">nr. 1\/2020.<\/a><\/p>\n<p>Umbur\u00f0arbr\u00e9f til fasteigna- og skipasala, <a href=\"https:\/\/enf.is\/wp-content\/uploads\/2019\/09\/umburdarbref_nr._2_190919.pdf\" target=\"_blank\" rel=\"noopener noreferrer\">nr. 2\/2019.<\/a><\/p>\n<p>Umbur\u00f0arbr\u00e9f til fasteigna- og skipasala, <a href=\"https:\/\/enf.is\/wp-content\/uploads\/2019\/06\/umburdarbref_nr._1_100519.pdf\" target=\"_blank\" rel=\"noopener noreferrer\">nr. 1\/2019.<\/a><\/p>\n<p>Umbur\u00f0arbr\u00e9f til fasteigna- og skipasala,\u00a0<a href=\"https:\/\/enf.is\/wp-content\/uploads\/2018\/09\/uts.ENF_.umburdarbref-nr.2.2018-14.sept_.2018.pdf\" target=\"_blank\" rel=\"noopener noreferrer\">nr. 2\/2018.<\/a><\/p>\n<p>Umbur\u00f0arbr\u00e9f til fasteigna- og skipasala,\u00a0<a href=\"https:\/\/enf.is\/wp-content\/uploads\/2018\/05\/Umburdarbref.til_.fasteignasala.nr_.1.2018.pdf\" target=\"_blank\" rel=\"noopener noreferrer\">nr. 1\/2018.<\/a><\/p>\n<p>Umbur\u00f0arbr\u00e9f til fasteigna- og skipasala,\u00a0<a href=\"https:\/\/enf.is\/wp-content\/uploads\/2016\/02\/ENF-umburdarbref-nr.-2-14.-sept-2017.pdf\" target=\"_blank\" rel=\"noopener noreferrer\">nr. 2\/2017<\/a><\/p>\n<p>Umbur\u00f0arbr\u00e9f til fasteigna- og skipasala,\u00a0<a href=\"https:\/\/enf.is\/wp-content\/uploads\/2017\/03\/Umburdarbref_nr.1_10._mars_2017.pdf\">nr. 1\/2017<\/a><\/p>\n<p>Umbur\u00f0arbr\u00e9f til fasteigna- og skipasala,\u00a0<a href=\"https:\/\/enf.is\/wp-content\/uploads\/2016\/02\/Umburdarbref_ENF_nr_4_2016.pdf\" target=\"_blank\" rel=\"noopener noreferrer\">nr. 4\/2016<\/a><\/p>\n<p>Umbur\u00f0arbr\u00e9f til fasteigna- og skipasala,\u00a0<a href=\"https:\/\/enf.is\/wp-content\/uploads\/2016\/08\/umburdarbref_nr_3_23_agust_2016.pdf\" target=\"_blank\" rel=\"noopener noreferrer\">nr. 3\/2016<\/a><\/p>\n<p>Umbur\u00f0arbr\u00e9f til fasteigna- og skipasala,\u00a0<a href=\"https:\/\/enf.is\/wp-content\/uploads\/2016\/08\/umburdarbref_nr_2_2016_080216.pdf\" target=\"_blank\" rel=\"noopener noreferrer\">nr. 2\/2016<\/a><\/p>\n<p>Umbur\u00f0arbr\u00e9f til fasteigna- og skipasala, <a href=\"https:\/\/enf.is\/wp-content\/uploads\/2016\/02\/umburdarbref.1-2016.pdf\" target=\"_blank\" rel=\"noopener noreferrer\">nr. 1\/2016<\/a><\/p>\n<p>Umbur\u00f0arbr\u00e9f til fasteignasala, <a href=\"https:\/\/enf.is\/wp-content\/uploads\/2016\/03\/utsent_umburdarbref-1_2015.pdf\" target=\"_blank\" rel=\"noopener noreferrer\">nr. 1\/2015<\/a><\/p>\n<p>Umbur\u00f0arbr\u00e9f til fasteignasala,\u00a0<a href=\"https:\/\/enf.is\/wp-content\/uploads\/2016\/02\/umburdarbref_nr._1_2014.pdf\" rel=\"\">nr. 1\/2014<\/a><\/p>\n<p>Umbur\u00f0arbr\u00e9f til fasteignasala,\u00a0<a href=\"https:\/\/enf.is\/wp-content\/uploads\/2016\/02\/umburdarbref_nr._2_2013.pdf\" rel=\"\">nr. 2\/2013<\/a><\/p>\n<p>Umbur\u00f0arbr\u00e9f til fasteignasala,\u00a0<a href=\"https:\/\/enf.is\/wp-content\/uploads\/2016\/02\/umburdarbref_nr._1_2013.pdf\" rel=\"\">nr. 1\/2013<\/a><\/p>\n<p>Umbur\u00f0arbr\u00e9f til fasteignasala,\u00a0<a href=\"https:\/\/enf.is\/wp-content\/uploads\/2016\/02\/umburdarbrefnr_1_2012.pdf\" rel=\"\">nr. 1\/2012<\/a><\/p>\n","protected":false},"excerpt":{"rendered":"<p>H\u00e9r eru birt \u00fatgefin umbur\u00f0arbr\u00e9f Eftirlitsnefndar fasteignasala. Umbur\u00f0arbr\u00e9f til fasteigna- og skipasala, nr. 1\/2025 Umbur\u00f0arbr\u00e9f til fasteigna- og skipasala, nr.<\/p>\n<p><a href=\"https:\/\/enf.is\/index.php\/umburdarbref\/\" class=\"more-link\">Continue reading<span class=\"screen-reader-text\">Umbur\u00f0arbr\u00e9f<\/span><\/a><\/p>\n","protected":false},"author":1,"featured_media":0,"parent":0,"menu_order":0,"comment_status":"closed","ping_status":"closed","template":"","meta":{"footnotes":""},"class_list":["post-160","page","type-page","status-publish","hentry"],"_links":{"self":[{"href":"https:\/\/enf.is\/index.php\/wp-json\/wp\/v2\/pages\/160"}],"collection":[{"href":"https:\/\/enf.is\/index.php\/wp-json\/wp\/v2\/pages"}],"about":[{"href":"https:\/\/enf.is\/index.php\/wp-json\/wp\/v2\/types\/page"}],"author":[{"embeddable":true,"href":"https:\/\/enf.is\/index.php\/wp-json\/wp\/v2\/users\/1"}],"replies":[{"embeddable":true,"href":"https:\/\/enf.is\/index.php\/wp-json\/wp\/v2\/comments?post=160"}],"version-history":[{"count":27,"href":"https:\/\/enf.is\/index.php\/wp-json\/wp\/v2\/pages\/160\/revisions"}],"predecessor-version":[{"id":988,"href":"https:\/\/enf.is\/index.php\/wp-json\/wp\/v2\/pages\/160\/revisions\/988"}],"wp:attachment":[{"href":"https:\/\/enf.is\/index.php\/wp-json\/wp\/v2\/media?parent=160"}],"curies":[{"name":"wp","href":"https:\/\/api.w.org\/{rel}","templated":true}]}}